{"id":3762,"date":"2019-02-19T10:39:39","date_gmt":"2019-02-19T09:39:39","guid":{"rendered":"http:\/\/hmgs.de\/?page_id=3762"},"modified":"2025-11-24T11:17:05","modified_gmt":"2025-11-24T10:17:05","slug":"elternbeirat","status":"publish","type":"page","link":"https:\/\/hmgs.de\/?page_id=3762","title":{"rendered":"Elternbeirat"},"content":{"rendered":"\r\n<p><strong><img loading=\"lazy\" decoding=\"async\" class=\"size-medium wp-image-4144 aligncenter\" src=\"http:\/\/hmgs.de\/wp-content\/uploads\/2019\/11\/EB-Logo-300x190.jpg\" alt=\"\" width=\"300\" height=\"190\" srcset=\"https:\/\/hmgs.de\/wp-content\/uploads\/2019\/11\/EB-Logo-300x190.jpg 300w, https:\/\/hmgs.de\/wp-content\/uploads\/2019\/11\/EB-Logo-150x95.jpg 150w, https:\/\/hmgs.de\/wp-content\/uploads\/2019\/11\/EB-Logo.jpg 489w\" sizes=\"(max-width: 300px) 100vw, 300px\" \/><\/strong><\/p>\r\n<p style=\"text-align: center;\">\u00a0<\/p>\r\n<p style=\"text-align: center;\"><strong>Willkommen beim Elternbeirat <br \/>der Hans-Memling-Grundschule!<\/strong><\/p>\r\n<p style=\"text-align: center;\"><strong>\u00a0<\/strong><\/p>\r\n<p style=\"text-align: center;\">Das neue Team f\u00fcr die <strong>Wahlperiode 2025\/2026\/2027<\/strong> freut sich auf seine Aufgaben.<\/p>\r\n<p style=\"text-align: center;\">\u00a0<\/p>\r\n<p style=\"text-align: center;\"><strong>Vorsitzender:<\/strong> Zivkovic Marco<\/p>\r\n<p style=\"text-align: center;\"><strong>Stellv. Vorsitzender:<\/strong> Hohmann Kathrin<\/p>\r\n<p style=\"text-align: center;\"><strong>Weitere Mitglieder:<\/strong><\/p>\r\n<p style=\"text-align: center;\">Marquart Magdalena (Kasse)<\/p>\r\n<p style=\"text-align: center;\">Ziegler Diana (Schriftf\u00fchrerin)<\/p>\r\n<p style=\"text-align: center;\">Hornung Andreas<\/p>\r\n<p style=\"text-align: center;\">Kempf Florian<\/p>\r\n<p style=\"text-align: center;\">Bohlender Lena<\/p>\r\n<p style=\"text-align: center;\">Jochim Swetlana<\/p>\r\n<p style=\"text-align: center;\">Gei\u00df Marcus<\/p>\r\n<p style=\"text-align: center;\">John Ramona<\/p>\r\n<p style=\"text-align: center;\">Gramatowski Kristin<\/p>\r\n<p style=\"text-align: center;\">F\u00e4rber Larissa<\/p>\r\n<p style=\"text-align: center;\">\u00a0<\/p>\r\n<p style=\"text-align: center;\">Sprechen Sie uns f\u00fcr Ihre W\u00fcnsche, Anregungen und Vorschl\u00e4ge jederzeit gerne an.<\/p>\r\n<p style=\"text-align: center;\">Sie erreichen uns unter <a href=\"mailto:elternbeirat@hmgs.de\">elternbeirat@hmgs.de<\/a><\/p>\r\n<p style=\"text-align: center;\">\u00a0<\/p>\r\n<p style=\"text-align: center;\">Herzlichst,<\/p>\r\n<p style=\"text-align: center;\">Ihr Elternbeirat<\/p>\r\n<p style=\"text-align: center;\">\u00a0<\/p>\r\n","protected":false},"excerpt":{"rendered":"<p>\u00a0 Willkommen beim Elternbeirat der Hans-Memling-Grundschule! \u00a0 Das neue Team f\u00fcr die Wahlperiode 2025\/2026\/2027 freut sich auf seine Aufgaben. \u00a0 Vorsitzender: Zivkovic Marco Stellv. Vorsitzender: Hohmann Kathrin Weitere Mitglieder: Marquart Magdalena (Kasse) Ziegler Diana (Schriftf\u00fchrerin) Hornung Andreas Kempf Florian Bohlender Lena Jochim Swetlana Gei\u00df Marcus John Ramona Gramatowski Kristin F\u00e4rber Larissa \u00a0 Sprechen Sie uns f\u00fcr Ihre W\u00fcnsche, Anregungen und Vorschl\u00e4ge jederzeit gerne an. Sie erreichen uns unter elternbeirat@hmgs.de \u00a0 Herzlichst, Ihr Elternbeirat \u00a0<\/p>\n","protected":false},"author":9,"featured_media":4144,"parent":5222,"menu_order":3,"comment_status":"closed","ping_status":"closed","template":"","meta":{"footnotes":""},"_links":{"self":[{"href":"https:\/\/hmgs.de\/index.php?rest_route=\/wp\/v2\/pages\/3762"}],"collection":[{"href":"https:\/\/hmgs.de\/index.php?rest_route=\/wp\/v2\/pages"}],"about":[{"href":"https:\/\/hmgs.de\/index.php?rest_route=\/wp\/v2\/types\/page"}],"author":[{"embeddable":true,"href":"https:\/\/hmgs.de\/index.php?rest_route=\/wp\/v2\/users\/9"}],"replies":[{"embeddable":true,"href":"https:\/\/hmgs.de\/index.php?rest_route=%2Fwp%2Fv2%2Fcomments&post=3762"}],"version-history":[{"count":10,"href":"https:\/\/hmgs.de\/index.php?rest_route=\/wp\/v2\/pages\/3762\/revisions"}],"predecessor-version":[{"id":5341,"href":"https:\/\/hmgs.de\/index.php?rest_route=\/wp\/v2\/pages\/3762\/revisions\/5341"}],"up":[{"embeddable":true,"href":"https:\/\/hmgs.de\/index.php?rest_route=\/wp\/v2\/pages\/5222"}],"wp:featuredmedia":[{"embeddable":true,"href":"https:\/\/hmgs.de\/index.php?rest_route=\/wp\/v2\/media\/4144"}],"wp:attachment":[{"href":"https:\/\/hmgs.de\/index.php?rest_route=%2Fwp%2Fv2%2Fmedia&parent=3762"}],"curies":[{"name":"wp","href":"https:\/\/api.w.org\/{rel}","templated":true}]}}

<p><strong><img loading="lazy" decoding="async" class="size-medium wp-image-4144 aligncenter" src="http://hmgs.de/wp-content/uploads/2019/11/EB-Logo-300x190.jpg" alt="" width="300" height="190" srcset="https://hmgs.de/wp-content/uploads/2019/11/EB-Logo-300x190.jpg 300w, https://hmgs.de/wp-content/uploads/2019/11/EB-Logo-150x95.jpg 150w, https://hmgs.de/wp-content/uploads/2019/11/EB-Logo.jpg 489w" sizes="(max-width: 300px) 100vw, 300px" /></strong></p>
<p style="text-align: center;"> </p>
<p style="text-align: center;"><strong>Willkommen beim Elternbeirat <br />der Hans-Memling-Grundschule!</strong></p>
<p style="text-align: center;"><strong> </strong></p>
<p style="text-align: center;">Das neue Team für die <strong>Wahlperiode 2025/2026/2027</strong> freut sich auf seine Aufgaben.</p>
<p style="text-align: center;"> </p>
<p style="text-align: center;"><strong>Vorsitzender:</strong> Zivkovic Marco</p>
<p style="text-align: center;"><strong>Stellv. Vorsitzender:</strong> Hohmann Kathrin</p>
<p style="text-align: center;"><strong>Weitere Mitglieder:</strong></p>
<p style="text-align: center;">Marquart Magdalena (Kasse)</p>
<p style="text-align: center;">Ziegler Diana (Schriftführerin)</p>
<p style="text-align: center;">Hornung Andreas</p>
<p style="text-align: center;">Kempf Florian</p>
<p style="text-align: center;">Bohlender Lena</p>
<p style="text-align: center;">Jochim Swetlana</p>
<p style="text-align: center;">Geiß Marcus</p>
<p style="text-align: center;">John Ramona</p>
<p style="text-align: center;">Gramatowski Kristin</p>
<p style="text-align: center;">Färber Larissa</p>
<p style="text-align: center;"> </p>
<p style="text-align: center;">Sprechen Sie uns für Ihre Wünsche, Anregungen und Vorschläge jederzeit gerne an.</p>
<p style="text-align: center;">Sie erreichen uns unter <a href="mailto:elternbeirat@hmgs.de">elternbeirat@hmgs.de</a></p>
<p style="text-align: center;"> </p>
<p style="text-align: center;">Herzlichst,</p>
<p style="text-align: center;">Ihr Elternbeirat</p>
<p style="text-align: center;"> </p>

<p>  Willkommen beim Elternbeirat der Hans-Memling-Grundschule!   Das neue Team für die Wahlperiode 2025/2026/2027 freut sich auf seine Aufgaben.   Vorsitzender: Zivkovic Marco Stellv. Vorsitzender: Hohmann Kathrin Weitere Mitglieder: Marquart Magdalena (Kasse) Ziegler Diana (Schriftführerin) Hornung Andreas Kempf Florian Bohlender Lena Jochim Swetlana Geiß Marcus John Ramona Gramatowski Kristin Färber Larissa   Sprechen Sie uns für Ihre Wünsche, Anregungen und Vorschläge jederzeit gerne an. Sie erreichen uns unter elternbeirat@hmgs.de   Herzlichst, Ihr Elternbeirat  </p>
